{"id":10,"date":"2026-03-16T09:07:01","date_gmt":"2026-03-16T07:07:01","guid":{"rendered":"https:\/\/businessrakentamo.competencex.fi\/home\/my-calendar\/"},"modified":"2026-03-17T09:45:38","modified_gmt":"2026-03-17T07:45:38","slug":"my-calendar","status":"publish","type":"page","link":"https:\/\/businessrakentamo.competencex.fi\/home\/my-calendar\/","title":{"rendered":"Tapahtumakalenteri"},"content":{"rendered":"\r\n<div id='my-calendar' class='mc-main mcjs listjs gridjs minijs ajaxjs twentytwentytwo calendar month my-calendar has-modal is-main-view' ><h2 id=\"mc_head_my-calendar\" class=\"heading my-calendar-month\"><span>Tapahtumat huhtikuu 2026<\/span><\/h2>\n\n<nav class=\"my-calendar-navigation\" aria-label=\"Calendar (top)\">\n<div class=\"my-calendar-header\"><div class='mc-format'>\r\n\t\t<ul><li><button type='button' id='mc_grid-my-calendar' data-href='https:\/\/businessrakentamo.competencex.fi\/home\/my-calendar\/?format=calendar' aria-pressed=\"true\" class='mc-navigation-button mc-grid-option mc-active'><span class='mc-icon' aria-hidden='true'><\/span><span class=\"maybe-hide\">N\u00e4yt\u00e4 <\/span>ruudukko<\/button><\/li><li><button type='button' id='mc_list-my-calendar' data-href='https:\/\/businessrakentamo.competencex.fi\/home\/my-calendar\/?format=list'  class='mc-navigation-button mc-list-option'><span class='mc-icon' aria-hidden='true'><\/span><span class=\"maybe-hide\">N\u00e4yt\u00e4 <\/span>listana<\/button><\/li><\/ul>\r\n\t\t<\/div><div class='mc-time'><ul><li><button type='button' id='mc_month-my-calendar' data-href='https:\/\/businessrakentamo.competencex.fi\/home\/my-calendar\/?cid=my-calendar&#038;time=month' class='mc-navigation-button month mc-active' aria-pressed='true'>Kuukausi<\/button><\/li><li><button type='button' id='mc_week-my-calendar' data-href='https:\/\/businessrakentamo.competencex.fi\/home\/my-calendar\/?cid=my-calendar&#038;dy=6&#038;month=4&#038;time=week&#038;yr=2026' class='mc-navigation-button week'>Viikko<\/button><\/li><li><button type='button' id='mc_day-my-calendar' data-href='https:\/\/businessrakentamo.competencex.fi\/home\/my-calendar\/?cid=my-calendar&#038;dy=6&#038;time=day' class='mc-navigation-button day'>P\u00e4iv\u00e4<\/button><li><\/ul><\/div><div class=\"my-calendar-date-switcher\"><form class=\"mc-date-switcher\" action=\"https:\/\/businessrakentamo.competencex.fi\/home\/wp-json\/wp\/v2\/pages\/10\/\" method=\"get\"><div><input type=\"hidden\" name=\"cid\" value=\"my-calendar\" \/> <label class=\"maybe-hide\" for=\"my-calendar-month\">Kuukausi<\/label> <select id=\"my-calendar-month\" name=\"month\">\n<option value='1'>tammikuu<\/option>\n<option value='2'>helmikuu<\/option>\n<option value='3'>maaliskuu<\/option>\n<option value='4' selected='selected'>huhtikuu<\/option>\n<option value='5'>toukokuu<\/option>\n<option value='6'>kes\u00e4kuu<\/option>\n<option value='7'>hein\u00e4kuu<\/option>\n<option value='8'>elokuu<\/option>\n<option value='9'>syyskuu<\/option>\n<option value='10'>lokakuu<\/option>\n<option value='11'>marraskuu<\/option>\n<option value='12'>joulukuu<\/option>\n<\/select>\n <label class=\"maybe-hide\" for=\"my-calendar-year\">Vuosi<\/label> <select id=\"my-calendar-year\" name=\"yr\">\n<option value=\"2026\" selected='selected'>2026<\/option>\n<\/select> <input type=\"submit\" class=\"button\" id=\"my-calendar-button\" value=\"Mene\" \/><\/div><\/form><\/div>\r\n\t\t<div class=\"my-calendar-nav\">\r\n\t\t\t<ul>\r\n\t\t\t\t<li class=\"my-calendar-prev\"><button type=\"button\" class=\"mc-navigation-button\" id=\"mc_previous_my-calendar\" data-href=\"https:\/\/businessrakentamo.competencex.fi\/home\/my-calendar\/?cid=my-calendar&#038;dy&#038;month=3&#038;time=month&#038;yr=2026\"><span class=\"mc-icon\" aria-hidden=\"true\"><\/span>Edellinen<\/button><\/li><li class=\"my-calendar-today\"><button type=\"button\" id=\"mc_today_my-calendar\" data-href=\"https:\/\/businessrakentamo.competencex.fi\/home\/my-calendar\/?cid=my-calendar\" class=\"mc-navigation-button today mc-active\" aria-current=\"true\"><span class=\"mc-icon\" aria-hidden=\"true\"><\/span>T\u00e4n\u00e4\u00e4n<\/button><\/li>\r\n\t\t\t<\/ul>\r\n\t\t<\/div><\/div>\n<\/nav>\n<div class=\"mc-content\">\n<table class='my-calendar-table' aria-labelledby='mc_head_my-calendar'>\n<thead>\n\t<tr class='mc-row'>\n\t\t<th scope=\"col\" class='day-heading mon'><abbr title=\"maanantai\" aria-hidden=\"true\">ma<\/abbr><span class=\"screen-reader-text\">maanantai<\/span><\/th>\n\n\t\t<th scope=\"col\" class='day-heading tues'><abbr title=\"tiistai\" aria-hidden=\"true\">ti<\/abbr><span class=\"screen-reader-text\">tiistai<\/span><\/th>\n\n\t\t<th scope=\"col\" class='day-heading wed'><abbr title=\"keskiviikko\" aria-hidden=\"true\">ke<\/abbr><span class=\"screen-reader-text\">keskiviikko<\/span><\/th>\n\n\t\t<th scope=\"col\" class='day-heading thur'><abbr title=\"torstai\" aria-hidden=\"true\">to<\/abbr><span class=\"screen-reader-text\">torstai<\/span><\/th>\n\n\t\t<th scope=\"col\" class='day-heading fri'><abbr title=\"perjantai\" aria-hidden=\"true\">pe<\/abbr><span class=\"screen-reader-text\">perjantai<\/span><\/th>\n\n\t\t<th scope=\"col\" class='weekend-heading sat'><abbr title=\"lauantai\" aria-hidden=\"true\">la<\/abbr><span class=\"screen-reader-text\">lauantai<\/span><\/th>\n\n\t\t<th scope=\"col\" class='weekend-heading sun'><abbr title=\"sunnuntai\" aria-hidden=\"true\">su<\/abbr><span class=\"screen-reader-text\">sunnuntai<\/span><\/th>\n\t<\/tr>\n<\/thead>\n<tbody>\n<tr class='mc-row'><td class='no-events maanantai ma past-day past-date  nextmonth no-events day-with-date'><div class='mc-date-container'><span class='mc-date no-events'><span aria-hidden='true'>30<\/span><span class='screen-reader-text'>30.3.2026<\/span><\/span><\/div>\n<\/td>\n<td class='no-events tiistai ti past-day past-date  nextmonth no-events day-with-date'><div class='mc-date-container'><span class='mc-date no-events'><span aria-hidden='true'>31<\/span><span class='screen-reader-text'>31.3.2026<\/span><\/span><\/div>\n<\/td>\n<td class='no-events keskiviikko ke past-day past-date   no-events day-with-date'><div class='mc-date-container'><span class='mc-date no-events'><span aria-hidden='true'>1<\/span><span class='screen-reader-text'>1.4.2026<\/span><\/span><\/div>\n<\/td>\n<td class='no-events torstai to past-day past-date   no-events day-with-date'><div class='mc-date-container'><span class='mc-date no-events'><span aria-hidden='true'>2<\/span><span class='screen-reader-text'>2.4.2026<\/span><\/span><\/div>\n<\/td>\n<td class='no-events perjantai pe past-day past-date   no-events day-with-date'><div class='mc-date-container'><span class='mc-date no-events'><span aria-hidden='true'>3<\/span><span class='screen-reader-text'>3.4.2026<\/span><\/span><\/div>\n<\/td>\n<td class='no-events lauantai la past-day past-date weekend  no-events day-with-date'><div class='mc-date-container'><span class='mc-date no-events'><span aria-hidden='true'>4<\/span><span class='screen-reader-text'>4.4.2026<\/span><\/span><\/div>\n<\/td>\n<td class='no-events sunnuntai su past-day past-date weekend  no-events day-with-date'><div class='mc-date-container'><span class='mc-date no-events'><span aria-hidden='true'>5<\/span><span class='screen-reader-text'>5.4.2026<\/span><\/span><\/div>\n<\/td>\n<\/tr>\n<!-- End Event Row -->\n<tr class='mc-row'><td class='no-events maanantai ma past-day past-date   no-events day-with-date'><div class='mc-date-container'><span class='mc-date no-events'><span aria-hidden='true'>6<\/span><span class='screen-reader-text'>6.4.2026<\/span><\/span><\/div>\n<\/td>\n<td class='no-events tiistai ti past-day past-date   no-events day-with-date'><div class='mc-date-container'><span class='mc-date no-events'><span aria-hidden='true'>7<\/span><span class='screen-reader-text'>7.4.2026<\/span><\/span><\/div>\n<\/td>\n<td class='no-events keskiviikko ke past-day past-date   no-events day-with-date'><div class='mc-date-container'><span class='mc-date no-events'><span aria-hidden='true'>8<\/span><span class='screen-reader-text'>8.4.2026<\/span><\/span><\/div>\n<\/td>\n<td class='no-events torstai to past-day past-date   no-events day-with-date'><div class='mc-date-container'><span class='mc-date no-events'><span aria-hidden='true'>9<\/span><span class='screen-reader-text'>9.4.2026<\/span><\/span><\/div>\n<\/td>\n<td class='no-events perjantai pe past-day past-date   no-events day-with-date'><div class='mc-date-container'><span class='mc-date no-events'><span aria-hidden='true'>10<\/span><span class='screen-reader-text'>10.4.2026<\/span><\/span><\/div>\n<\/td>\n<td class='no-events lauantai la past-day past-date weekend  no-events day-with-date'><div class='mc-date-container'><span class='mc-date no-events'><span aria-hidden='true'>11<\/span><span class='screen-reader-text'>11.4.2026<\/span><\/span><\/div>\n<\/td>\n<td class='no-events sunnuntai su past-day past-date weekend  no-events day-with-date'><div class='mc-date-container'><span class='mc-date no-events'><span aria-hidden='true'>12<\/span><span class='screen-reader-text'>12.4.2026<\/span><\/span><\/div>\n<\/td>\n<\/tr>\n<!-- End Event Row -->\n<tr class='mc-row'><td class='no-events maanantai ma past-day past-date   no-events day-with-date'><div class='mc-date-container'><span class='mc-date no-events'><span aria-hidden='true'>13<\/span><span class='screen-reader-text'>13.4.2026<\/span><\/span><\/div>\n<\/td>\n<td class='no-events tiistai ti past-day past-date   no-events day-with-date'><div class='mc-date-container'><span class='mc-date no-events'><span aria-hidden='true'>14<\/span><span class='screen-reader-text'>14.4.2026<\/span><\/span><\/div>\n<\/td>\n<td class='no-events keskiviikko ke past-day past-date   no-events day-with-date'><div class='mc-date-container'><span class='mc-date no-events'><span aria-hidden='true'>15<\/span><span class='screen-reader-text'>15.4.2026<\/span><\/span><\/div>\n<\/td>\n<td class='no-events torstai to past-day past-date   no-events day-with-date'><div class='mc-date-container'><span class='mc-date no-events'><span aria-hidden='true'>16<\/span><span class='screen-reader-text'>16.4.2026<\/span><\/span><\/div>\n<\/td>\n<td class='no-events perjantai pe past-day past-date   no-events day-with-date'><div class='mc-date-container'><span class='mc-date no-events'><span aria-hidden='true'>17<\/span><span class='screen-reader-text'>17.4.2026<\/span><\/span><\/div>\n<\/td>\n<td class='no-events lauantai la past-day past-date weekend  no-events day-with-date'><div class='mc-date-container'><span class='mc-date no-events'><span aria-hidden='true'>18<\/span><span class='screen-reader-text'>18.4.2026<\/span><\/span><\/div>\n<\/td>\n<td class='no-events sunnuntai su past-day past-date weekend  no-events day-with-date'><div class='mc-date-container'><span class='mc-date no-events'><span aria-hidden='true'>19<\/span><span class='screen-reader-text'>19.4.2026<\/span><\/span><\/div>\n<\/td>\n<\/tr>\n<!-- End Event Row -->\n<tr class='mc-row'><td class='no-events maanantai ma past-day past-date   no-events day-with-date'><div class='mc-date-container'><span class='mc-date no-events'><span aria-hidden='true'>20<\/span><span class='screen-reader-text'>20.4.2026<\/span><\/span><\/div>\n<\/td>\n<td class='no-events tiistai ti past-day past-date   no-events day-with-date'><div class='mc-date-container'><span class='mc-date no-events'><span aria-hidden='true'>21<\/span><span class='screen-reader-text'>21.4.2026<\/span><\/span><\/div>\n<\/td>\n<td class='no-events keskiviikko ke past-day past-date   no-events day-with-date'><div class='mc-date-container'><span class='mc-date no-events'><span aria-hidden='true'>22<\/span><span class='screen-reader-text'>22.4.2026<\/span><\/span><\/div>\n<\/td>\n<td class='no-events torstai to past-day past-date   no-events day-with-date'><div class='mc-date-container'><span class='mc-date no-events'><span aria-hidden='true'>23<\/span><span class='screen-reader-text'>23.4.2026<\/span><\/span><\/div>\n<\/td>\n<td class='no-events perjantai pe past-day past-date   no-events day-with-date'><div class='mc-date-container'><span class='mc-date no-events'><span aria-hidden='true'>24<\/span><span class='screen-reader-text'>24.4.2026<\/span><\/span><\/div>\n<\/td>\n<td class='no-events lauantai la past-day past-date weekend  no-events day-with-date'><div class='mc-date-container'><span class='mc-date no-events'><span aria-hidden='true'>25<\/span><span class='screen-reader-text'>25.4.2026<\/span><\/span><\/div>\n<\/td>\n<td class='no-events sunnuntai su past-day past-date weekend  no-events day-with-date'><div class='mc-date-container'><span class='mc-date no-events'><span aria-hidden='true'>26<\/span><span class='screen-reader-text'>26.4.2026<\/span><\/span><\/div>\n<\/td>\n<\/tr>\n<!-- End Event Row -->\n<tr class='mc-row'><td class='no-events maanantai ma past-day past-date   no-events day-with-date'><div class='mc-date-container'><span class='mc-date no-events'><span aria-hidden='true'>27<\/span><span class='screen-reader-text'>27.4.2026<\/span><\/span><\/div>\n<\/td>\n<td class='no-events tiistai ti past-day past-date   no-events day-with-date'><div class='mc-date-container'><span class='mc-date no-events'><span aria-hidden='true'>28<\/span><span class='screen-reader-text'>28.4.2026<\/span><\/span><\/div>\n<\/td>\n<td aria-current=\"date\" class='no-events keskiviikko ke current-day   no-events day-with-date'><div class='mc-date-container'><span class='mc-date no-events'><span aria-hidden='true'>29<\/span><span class='screen-reader-text'>29.4.2026<\/span><\/span><\/div>\n<\/td>\n<td class='no-events torstai to future-day   no-events day-with-date'><div class='mc-date-container'><span class='mc-date no-events'><span aria-hidden='true'>30<\/span><span class='screen-reader-text'>30.4.2026<\/span><\/span><\/div>\n<\/td>\n<td class='no-events perjantai pe future-day  nextmonth no-events day-with-date'><div class='mc-date-container'><span class='mc-date no-events'><span aria-hidden='true'>1<\/span><span class='screen-reader-text'>1.5.2026<\/span><\/span><\/div>\n<\/td>\n<td class='no-events lauantai la future-day weekend nextmonth no-events day-with-date'><div class='mc-date-container'><span class='mc-date no-events'><span aria-hidden='true'>2<\/span><span class='screen-reader-text'>2.5.2026<\/span><\/span><\/div>\n<\/td>\n<td class='no-events sunnuntai su future-day weekend nextmonth no-events day-with-date'><div class='mc-date-container'><span class='mc-date no-events'><span aria-hidden='true'>3<\/span><span class='screen-reader-text'>3.5.2026<\/span><\/span><\/div>\n<\/td>\n<\/tr>\n<!-- End Event Row -->\n\n<\/tbody>\n<\/table><\/div><!-- .mc-content -->\n<nav class=\"my-calendar-navigation\" aria-label=\"Calendar (bottom)\">\n<div class=\"mc_bottomnav my-calendar-footer\"><div class=\"category-key has-icons\"><h2 class=\"maybe-hide\">Tapahtumien kategoriat<\/h2>\n<ul>\n<li class=\"cat_yleiset-tapahtumat\"><button type=\"button\" class=\"mc-navigation-button\" id=\"mc_cat_1-my-calendar\" data-href=\"https:\/\/businessrakentamo.competencex.fi\/home\/my-calendar\/?mcat=1\" ><span class=\"category-color-sample no-icon\" style=\"background:#fafafa;\"> &nbsp; <\/span><span class=\"mc-category-title\">Yleiset tapahtumat<\/span><\/button><\/li><li class='all-categories'><span class='mc-active' id='mc_cat_all-my-calendar' tabindex='-1'>Kaikki kategoriat<\/span><\/li><\/ul><\/div><div class='mc-export mc-download'>\r\n\t<ul><li class='ics google'><a href='https:\/\/www.google.com\/calendar\/render?cid=https:\/\/businessrakentamo.competencex.fi\/home\/feed\/my-calendar-ics\/?dy=1&#038;month=4&#038;nmonth&#038;nyr&#038;time=month&#038;yr=2026' rel='nofollow'><span class='mc-icon' aria-hidden='true'><\/span><span class=\"maybe-hide\">Export to <\/span>Google<\/a><\/li><li class='ics ical'><a href='https:\/\/businessrakentamo.competencex.fi\/home\/feed\/my-calendar-ics\/?dy=1&#038;month=4&#038;nmonth&#038;nyr&#038;time=month&#038;yr=2026' rel='nofollow'><span class='mc-icon' aria-hidden='true'><\/span><span class=\"maybe-hide\">Export to <\/span>iCal<\/a><\/li><\/ul>\r\n<\/div><\/div>\n<\/nav>\n\r\n<\/div><!-- Close Main My Calendar Wrapper -->\n","protected":false},"excerpt":{"rendered":"","protected":false},"author":1,"featured_media":0,"parent":0,"menu_order":0,"comment_status":"closed","ping_status":"closed","template":"","meta":{"_mc_calendar":{"weekends":"true","shortcode":"[my_calendar weekends=&quot;true&quot;]","append":""},"footnotes":""},"class_list":["post-10","page","type-page","status-publish"],"_links":{"self":[{"href":"https:\/\/businessrakentamo.competencex.fi\/home\/wp-json\/wp\/v2\/pages\/10","targetHints":{"allow":["GET"]}}],"collection":[{"href":"https:\/\/businessrakentamo.competencex.fi\/home\/wp-json\/wp\/v2\/pages"}],"about":[{"href":"https:\/\/businessrakentamo.competencex.fi\/home\/wp-json\/wp\/v2\/types\/page"}],"author":[{"embeddable":true,"href":"https:\/\/businessrakentamo.competencex.fi\/home\/wp-json\/wp\/v2\/users\/1"}],"replies":[{"embeddable":true,"href":"https:\/\/businessrakentamo.competencex.fi\/home\/wp-json\/wp\/v2\/comments?post=10"}],"version-history":[{"count":2,"href":"https:\/\/businessrakentamo.competencex.fi\/home\/wp-json\/wp\/v2\/pages\/10\/revisions"}],"predecessor-version":[{"id":178,"href":"https:\/\/businessrakentamo.competencex.fi\/home\/wp-json\/wp\/v2\/pages\/10\/revisions\/178"}],"wp:attachment":[{"href":"https:\/\/businessrakentamo.competencex.fi\/home\/wp-json\/wp\/v2\/media?parent=10"}],"curies":[{"name":"wp","href":"https:\/\/api.w.org\/{rel}","templated":true}]}}