{"id":2877,"date":"2026-04-22T14:53:41","date_gmt":"2026-04-22T11:53:41","guid":{"rendered":"https:\/\/businessrakentamo.competencex.fi\/lms\/?post_type=product&#038;p=2877"},"modified":"2026-04-22T14:53:41","modified_gmt":"2026-04-22T11:53:41","slug":"rakenna-oma-konsultti-palvelusi","status":"publish","type":"product","link":"https:\/\/businessrakentamo.competencex.fi\/lms\/tuote\/rakenna-oma-konsultti-palvelusi\/","title":{"rendered":"Rakenna oma konsultti-palvelusi"},"content":{"rendered":"<h2><strong>Rakenna oma konsultti-palvelusi<\/strong><\/h2>\n<p>Miten muotoilet osaamisesi selke\u00e4ksi asiantuntijapalveluksi, jolle yritys n\u00e4kee arvon ja on valmis maksamaan<\/p>\n<p>Sinulla on osaamista, mutta et ole t\u00e4ysin varma:<\/p>\n<p>\ud83d\udc49 miten siit\u00e4 tehd\u00e4\u00e4n selke\u00e4 konsulttipalvelu<br \/>\n\ud83d\udc49 mit\u00e4 myyt oikeasti ja miss\u00e4 laajuudessa<br \/>\n\ud83d\udc49 miten hinnoittelet niin, ettei ty\u00f6 perustu vain aikaan<\/p>\n<p>Ja t\u00e4m\u00e4 n\u00e4kyy k\u00e4yt\u00e4nn\u00f6ss\u00e4 niin, ett\u00e4:<\/p>\n<p>\ud83d\udc49 palvelu j\u00e4\u00e4 ep\u00e4m\u00e4\u00e4r\u00e4iseksi<br \/>\n\ud83d\udc49 hinnoittelu tuntuu vaikealta<br \/>\n\ud83d\udc49 myynti j\u00e4\u00e4 helposti tekem\u00e4tt\u00e4<\/p>\n<p>Ongelma ei ole osaamisen puute.<\/p>\n<p>\ud83d\udc49 vaan se, ettei sit\u00e4 ole muotoiltu ostettavaan muotoon<\/p>\n<p>Yritys ei osta konsulttia siksi, ett\u00e4 h\u00e4n on asiantuntija<\/p>\n<p>\ud83d\udc49 vaan siksi, ett\u00e4 h\u00e4n tuo selke\u00e4n ratkaisun tiettyyn ongelmaan<\/p>\n<p>Ja jos et pysty n\u00e4ytt\u00e4m\u00e4\u00e4n t\u00e4t\u00e4 selke\u00e4sti<\/p>\n<p>\ud83d\udc49 palvelusi j\u00e4\u00e4 helposti ymm\u00e4rt\u00e4m\u00e4tt\u00e4<\/p>\n<h2><strong>Mit\u00e4 t\u00e4m\u00e4 kurssi tekee<\/strong><\/h2>\n<p>T\u00e4m\u00e4 kurssi n\u00e4ytt\u00e4\u00e4, miten rakennat omasta osaamisestasi selke\u00e4n konsulttipalvelun, joka ratkaisee asiakkaan ongelman ja on helppo ostaa. Et j\u00e4\u00e4 teorian tasolle.<\/p>\n<p>\ud83d\udc49 rakennat oman palvelusi vaihe vaiheelta<\/p>\n<h2><strong>T\u00e4m\u00e4n j\u00e4lkeen osaat<\/strong><\/h2>\n<p>\ud83d\udc49 m\u00e4\u00e4ritt\u00e4\u00e4 mit\u00e4 myyt konsulttina ja kenelle<br \/>\n\ud83d\udc49 rajata palvelusi selke\u00e4ksi kokonaisuudeksi<br \/>\n\ud83d\udc49 hinnoitella palvelusi arvon, ei pelk\u00e4n ajan perusteella<br \/>\n\ud83d\udc49 sanoittaa palvelusi niin, ett\u00e4 asiakas ymm\u00e4rt\u00e4\u00e4 sen<br \/>\n\ud83d\udc49 l\u00e4hte\u00e4 tarjoamaan sit\u00e4 ilman ep\u00e4r\u00f6inti\u00e4<\/p>\n<h2><strong>Mit\u00e4 kurssi sis\u00e4lt\u00e4\u00e4<\/strong><\/h2>\n<p>Kurssi etenee selke\u00e4n\u00e4 kokonaisuutena:<\/p>\n<p>\ud83d\udc49 johdanto konsultointiin ty\u00f6muotona<br \/>\n\ud83d\udc49 oman osaamisen tunnistaminen<br \/>\n\ud83d\udc49 konsulttipalvelun tuotteistaminen<br \/>\n\ud83d\udc49 arvopohjainen hinnoittelu<br \/>\n\ud83d\udc49 myynti ja asiakashankinta<br \/>\n\ud83d\udc49 ty\u00f6skentelymallit ja oman uran rakentaminen<br \/>\n\ud83d\udc49 kokoava yhteenveto ja seuraavat askeleet<\/p>\n<p>Mukana:<\/p>\n<p>\ud83d\udc49 konkreettiset esimerkit<br \/>\n\ud83d\udc49 selke\u00e4 rakenne tekemiseen<br \/>\n\ud83d\udc49 ty\u00f6st\u00f6osuudet, joilla rakennat oman konsulttipalvelusi<\/p>\n<h2><strong>Kenelle t\u00e4m\u00e4 on<\/strong><\/h2>\n<p>\ud83d\udc49 sinulle, joka haluat myyd\u00e4 osaamistasi konsultointina<br \/>\n\ud83d\udc49 sinulle, joka haluat irti tuntiperusteisesta tekemisest\u00e4<br \/>\n\ud83d\udc49 sinulle, joka haluat selke\u00e4n ja myyt\u00e4v\u00e4n palvelun<\/p>\n<h2><strong>Kenelle t\u00e4m\u00e4 ei ole<\/strong><\/h2>\n<p>\ud83d\udc49 jos et halua rajata omaa tekemist\u00e4si<br \/>\n\ud83d\udc49 jos et ole valmis miettim\u00e4\u00e4n asiakkaan ongelmaa<br \/>\n\ud83d\udc49 jos etsit nopeita valmiita ratkaisuja ilman omaa ajattelua<\/p>\n<h2><strong>Miksi t\u00e4m\u00e4 toimii<\/strong><\/h2>\n<p>Koska konsultointi ei ole \u201cteen mit\u00e4 pyydet\u00e4\u00e4n\u201d.<\/p>\n<p>\ud83d\udc49 se on selke\u00e4 ratkaisu tiettyyn ongelmaan<\/p>\n<p>Kun ymm\u00e4rr\u00e4t:<\/p>\n<p>\ud83d\udc49 mit\u00e4 ongelmaa ratkaiset<br \/>\n\ud83d\udc49 miten tuot arvoa<br \/>\n\ud83d\udc49 miten paketoit t\u00e4m\u00e4n selke\u00e4sti<\/p>\n<p>\ud83d\udc49 palvelusi alkaa k\u00e4yd\u00e4 j\u00e4rkeen ostajalle<\/p>\n<h2><strong>Ota t\u00e4m\u00e4 k\u00e4ytt\u00f6\u00f6n nyt<\/strong><\/h2>\n<p>Jos olet miettinyt konsultointia, mutta et ole saanut palvelua selke\u00e4ksi<br \/>\n\ud83d\udc49 t\u00e4m\u00e4 on se kohta, jossa se muuttuu myyt\u00e4v\u00e4ksi<\/p>\n<h2><strong>Lopuksi<\/strong><\/h2>\n<p>Jos kukaan ei tied\u00e4 mit\u00e4 myyt<br \/>\n\ud83d\udc49 ei kukaan my\u00f6sk\u00e4\u00e4n osaa ostaa sit\u00e4 sinulta<\/p>\n<p>Ja konsultoinnissa t\u00e4m\u00e4 ratkaisee kaiken.<\/p>\n","protected":false},"excerpt":{"rendered":"<p>T\u00e4m\u00e4 k\u00e4yt\u00e4nn\u00f6nl\u00e4heinen verkkokurssi opettaa, miten rakennat ja myyt omaa osaamistasi konsulttipalveluna. Konsultointi on ty\u00f6muoto, jossa asiakas ostaa ulkopuolista ajattelua, ongelmien j\u00e4sent\u00e4mist\u00e4 ja p\u00e4\u00e4t\u00f6ksenteon tukea, ei jatkuvaa suorittamista. Kurssilla opit, millaisiin yritysten tarpeisiin konsultti sopii parhaiten, miten muotoilet osaamisestasi vaikuttavan palvelun ja miten hinnoittelet sen arvon perusteella. K\u00e4ymme my\u00f6s l\u00e4pi vaihtoehdot toimia itsen\u00e4isen\u00e4 asiantuntijana tai osana konsulttitaloa. Kurssin p\u00e4\u00e4tt\u00e4\u00e4 kokoava yhteenveto.<\/p>\n","protected":false},"featured_media":2878,"template":"","meta":[],"product_brand":[62],"product_cat":[63,54],"product_tag":[66,60,95,96],"class_list":{"0":"post-2877","1":"product","2":"type-product","3":"status-publish","4":"has-post-thumbnail","6":"product_brand-piadotsacademy","7":"product_cat-piadotsacademyall","8":"product_cat-yleinen","9":"product_tag-asiantuntijayrittajyys","10":"product_tag-konsultti","11":"product_tag-rakenna-oma-konsultti-palvelusi","12":"product_tag-ulkopuolinen-asiantuntija","14":"first","15":"instock","16":"virtual","17":"taxable","18":"purchasable","19":"product-type-simple"},"_links":{"self":[{"href":"https:\/\/businessrakentamo.competencex.fi\/lms\/wp-json\/wp\/v2\/product\/2877","targetHints":{"allow":["GET"]}}],"collection":[{"href":"https:\/\/businessrakentamo.competencex.fi\/lms\/wp-json\/wp\/v2\/product"}],"about":[{"href":"https:\/\/businessrakentamo.competencex.fi\/lms\/wp-json\/wp\/v2\/types\/product"}],"wp:featuredmedia":[{"embeddable":true,"href":"https:\/\/businessrakentamo.competencex.fi\/lms\/wp-json\/wp\/v2\/media\/2878"}],"wp:attachment":[{"href":"https:\/\/businessrakentamo.competencex.fi\/lms\/wp-json\/wp\/v2\/media?parent=2877"}],"wp:term":[{"taxonomy":"product_brand","embeddable":true,"href":"https:\/\/businessrakentamo.competencex.fi\/lms\/wp-json\/wp\/v2\/product_brand?post=2877"},{"taxonomy":"product_cat","embeddable":true,"href":"https:\/\/businessrakentamo.competencex.fi\/lms\/wp-json\/wp\/v2\/product_cat?post=2877"},{"taxonomy":"product_tag","embeddable":true,"href":"https:\/\/businessrakentamo.competencex.fi\/lms\/wp-json\/wp\/v2\/product_tag?post=2877"}],"curies":[{"name":"wp","href":"https:\/\/api.w.org\/{rel}","templated":true}]}}